{"id":76,"date":"2022-07-21T10:02:34","date_gmt":"2022-07-21T08:02:34","guid":{"rendered":"https:\/\/drc-oberpfalz-niederbayern.de\/wordpress\/?page_id=76"},"modified":"2022-07-21T13:48:26","modified_gmt":"2022-07-21T11:48:26","slug":"home","status":"publish","type":"page","link":"https:\/\/drc-oberpfalz-niederbayern.de\/wordpress\/","title":{"rendered":"Home"},"content":{"rendered":"<h3 style=\"text-align: center;\">Herzlich Willkommen<\/h3>\n<h4 style=\"text-align: center;\">bei der<\/h4>\n<h4 style=\"text-align: center;\">Bezirksgruppe Oberpfalz-Niederbayern im<\/h4>\n<h4 style=\"text-align: center;\">Deutschen Retriever Club e.V.(DRC) Landesgruppe S\u00fcd<\/h4>\n<p><img loading=\"lazy\" decoding=\"async\" src=\"https:\/\/drc-oberpfalz-niederbayern.de\/wordpress\/wp-content\/uploads\/2018\/08\/heads.gif\" alt=\"\" width=\"709\" height=\"179\" class=\"aligncenter size-full wp-image-2\" \/><\/p>\n<p>Wir waren 2004 die j\u00fcngste BZG in der Landesgruppe S\u00fcd und hatten uns im September 2004 konstituiert. Unsere aktiven Mitglieder kamen aus allen Teilen der Oberpfalz.<\/p>\n<p>Jetzt sind wir wiederum die j\u00fcngste BZG in der Landesgruppe S\u00fcd, denn wir haben uns im M\u00e4rz 2013 mit Niederbayern zusammengeschlossen &#8211; unser Gebiet umfasst jetzt die Postleitzahlen 92., 93. und 94.<\/p>\n<p>Unter unseren Aktiven sind fast alle Retrieverrassen (Golden, Labrador, Flat Coated, Chesapeake Bay und Nova Scotia Duck Tolling Retriever) unterschiedlichster Altersgruppen vertreten.<\/p>\n<p>Wir freuen uns als junge Gruppe auf neue Mitglieder und Interessenten mit ihren vierbeinigen Freunden! Daher m\u00f6chten wir Sie mit den nachfolgenden Internetseiten auf den &#8222;Geschmack bringen &#8220; und Sie ermuntern, sich uns anzuschlie\u00dfen. Sie erfahren alles \u00fcber unsere vielf\u00e4ltigen Aktivit\u00e4ten, Pr\u00fcfungen und nat\u00fcrlich auch die geselligen Veranstaltungen.<\/p>\n<p>Schauen Sie doch mal rein, viel Spa\u00df und eine interessante Lekt\u00fcre w\u00fcnscht,<br \/>\n&nbsp;<br \/>\n&nbsp;<br \/>\nIhre<br \/>\nBZG Oberpfalz-Niederbayern<\/p>\n","protected":false},"excerpt":{"rendered":"<p>Herzlich Willkommen bei der Bezirksgruppe Oberpfalz-Niederbayern im Deutschen Retriever Club e.V.(DRC) Landesgruppe S\u00fcd Wir waren 2004 die j\u00fcngste BZG in der Landesgruppe S\u00fcd und hatten uns im September 2004 konstituiert. Unsere aktiven Mitglieder kamen aus allen Teilen der Oberpfalz. Jetzt sind wir wiederum die j\u00fcngste BZG in der Landesgruppe S\u00fcd, denn wir haben uns im&hellip;&nbsp;<a href=\"https:\/\/drc-oberpfalz-niederbayern.de\/wordpress\/\" rel=\"bookmark\">Weiterlesen &raquo;<span class=\"screen-reader-text\">Home<\/span><\/a><\/p>\n","protected":false},"author":1,"featured_media":0,"parent":0,"menu_order":0,"comment_status":"closed","ping_status":"closed","template":"","meta":{"neve_meta_sidebar":"","neve_meta_container":"","neve_meta_enable_content_width":"off","neve_meta_content_width":100,"neve_meta_title_alignment":"","neve_meta_author_avatar":"","neve_post_elements_order":"","neve_meta_disable_header":"","neve_meta_disable_footer":"","neve_meta_disable_title":"","footnotes":""},"class_list":["post-76","page","type-page","status-publish","hentry"],"_links":{"self":[{"href":"https:\/\/drc-oberpfalz-niederbayern.de\/wordpress\/index.php?rest_route=\/wp\/v2\/pages\/76","targetHints":{"allow":["GET"]}}],"collection":[{"href":"https:\/\/drc-oberpfalz-niederbayern.de\/wordpress\/index.php?rest_route=\/wp\/v2\/pages"}],"about":[{"href":"https:\/\/drc-oberpfalz-niederbayern.de\/wordpress\/index.php?rest_route=\/wp\/v2\/types\/page"}],"author":[{"embeddable":true,"href":"https:\/\/drc-oberpfalz-niederbayern.de\/wordpress\/index.php?rest_route=\/wp\/v2\/users\/1"}],"replies":[{"embeddable":true,"href":"https:\/\/drc-oberpfalz-niederbayern.de\/wordpress\/index.php?rest_route=%2Fwp%2Fv2%2Fcomments&post=76"}],"version-history":[{"count":10,"href":"https:\/\/drc-oberpfalz-niederbayern.de\/wordpress\/index.php?rest_route=\/wp\/v2\/pages\/76\/revisions"}],"predecessor-version":[{"id":141,"href":"https:\/\/drc-oberpfalz-niederbayern.de\/wordpress\/index.php?rest_route=\/wp\/v2\/pages\/76\/revisions\/141"}],"wp:attachment":[{"href":"https:\/\/drc-oberpfalz-niederbayern.de\/wordpress\/index.php?rest_route=%2Fwp%2Fv2%2Fmedia&parent=76"}],"curies":[{"name":"wp","href":"https:\/\/api.w.org\/{rel}","templated":true}]}}